{"id":4587,"date":"2021-01-18T10:27:34","date_gmt":"2021-01-18T10:27:34","guid":{"rendered":"https:\/\/www.esmadrid.com\/mcb\/?page_id=4587"},"modified":"2024-06-13T11:39:09","modified_gmt":"2024-06-13T11:39:09","slug":"embajadores","status":"publish","type":"page","link":"https:\/\/www.esmadrid.com\/mcb\/embajadores\/","title":{"rendered":"Programa embajadores"},"content":{"rendered":"  \n<section class=\"bloque-banner-pagina container\">\n  <div class=\" row justify-content-center\">              \n      <div class=\"col-12 col-lg-6\"  >        \n        <img decoding=\"async\" class=\"col-12 basic-img-big\" src=\"https:\/\/www.esmadrid.com\/mcb\/wp-content\/uploads\/2021\/01\/premios-e1611071411283-1024x311.jpg\" alt=\"\">\n      <\/div>\n      <div class=\"col-12 col-lg-4 bl-content animation fadeTop\">        \n        <div class=\"acf-innerblocks-container\">\n\n<h2 class=\"wp-block-heading\">Descubre todo el contenido del Programa Embajadores y forma parte de nuestra comunidad<\/h2>\n\n<\/div>\n       \n      <\/div>\n  <\/div>\n<\/section>\n\n\n\n    <section class=\"container bloque-txt-titulo \" >\n    <div class=\"row\"> \n        <div class=\"col-12 col-md-6 col-lg-4  mb-3 md-md-0 animation fadeRight\">\n            <h3 class=\"bl-titulo  \">\u00bfQU\u00c9 ES EL PROGRAMA EMBAJADORES?<\/h3>\n        <\/div>\n        <div class=\"col-12 col-md-6 col-lg-8 bl-texto\">\n             \n            <div class=\"acf-innerblocks-container\">\n\n<p>Creado en 2008, es el primer programa de Embajadores de congresos de Espa\u00f1a y asiste a todo profesional interesado en Madrid como sede de su evento.<\/p>\n\n\n\n<p>En la actualidad, cuenta con cerca de 300 Embajadores y es un nexo de colaboraci\u00f3n entre instituciones acad\u00e9micas, cient\u00edficas y asociaciones de m\u00faltiples sectores.<br><br>Todos los campos del conocimiento est\u00e1n representados:<\/p>\n\n\n\n<ul class=\"estadisticas-sectores wp-block-list\">\n<li><strong>Medicina  <\/strong>40%<\/li>\n\n\n\n<li><strong>Ciencias <\/strong> 15%<\/li>\n\n\n\n<li><strong>Ingenier\u00eda <\/strong> 9%<\/li>\n\n\n\n<li><strong>Industria <\/strong> 8%<\/li>\n\n\n\n<li><strong>Derecho, Tecnolog\u00eda<\/strong>  4%<\/li>\n\n\n\n<li><strong>Comunicaci\u00f3n y Marketing, Asuntos Sociales, Econom\u00eda y Finanzas, Educaci\u00f3n, Management<\/strong>  3%<\/li>\n\n\n\n<li><strong>Otros <\/strong> 5%<\/li>\n<\/ul>\n\n<\/div>\n        <\/div>\n    <\/div>\n<\/section>\n\n\n\n    <section class=\"container bloque-txt-titulo \" >\n    <div class=\"row\"> \n        <div class=\"col-12 col-md-6 col-lg-4  mb-3 md-md-0 animation fadeRight\">\n            <h3 class=\"bl-titulo  \">M\u00c1S INFORMACI\u00d3N<\/h3>\n        <\/div>\n        <div class=\"col-12 col-md-6 col-lg-8 bl-texto\">\n             \n            <div class=\"acf-innerblocks-container\">\n\n<p><\/p>\n\n<\/div>\n        <\/div>\n    <\/div>\n<\/section>\n\n\n\n<section class=\"bloque-personalizado bloque-enlaces-imgs \" >\n    <div class=\"container \"> \n        <div class=\"row \">\n          <div  class=\"swiper mySwiperBEI\">\n                <div class=\"swiper-wrapper\" >\n                                            \n                        <div class=\"swiper-slide col-12 col-md-4 mb-3 md-md-0 bl-enlace\">\n                                                        <a href=\"\/mcb\/embajadores\/ventajas-programa-embajadores\/\"  \n                                                            class=\"bl-enlace-inner\" style=\"background-image:url('https:\/\/www.esmadrid.com\/mcb\/wp-content\/uploads\/2021\/01\/premios-e1611071411283.jpg')\">\n                                                        <div class=\"bl-caja-texto animation fadeTop delay-1\">\n                                Ventajas del Programa de Embajadores                                 <span class=\"ico-circular   \"><img decoding=\"async\" src=\"https:\/\/www.esmadrid.com\/mcb\/wp-content\/themes\/mcb24\/img\/plus.svg\"><\/span>                            <\/div>\n                                                        <\/a>\n                                                    <\/div>        \n                        \n                                            \n                        <div class=\"swiper-slide col-12 col-md-4 mb-3 md-md-0 bl-enlace\">\n                                                        <a href=\"\/mcb\/embajadores\/comunidad-de-embajadores-de-mcb\/\"  \n                                                            class=\"bl-enlace-inner\" style=\"background-image:url('https:\/\/www.esmadrid.com\/mcb\/wp-content\/uploads\/2022\/12\/MADRIDPREMIOS_FAMILIA1-scaled.jpg')\">\n                                                        <div class=\"bl-caja-texto animation fadeTop delay-2\">\n                                Nuestra Comunidad de Embajadores                                 <span class=\"ico-circular   \"><img decoding=\"async\" src=\"https:\/\/www.esmadrid.com\/mcb\/wp-content\/themes\/mcb24\/img\/plus.svg\"><\/span>                            <\/div>\n                                                        <\/a>\n                                                    <\/div>        \n                        \n                                            \n                        <div class=\"swiper-slide col-12 col-md-4 mb-3 md-md-0 bl-enlace\">\n                                                        <a href=\"\/mcb\/embajadores\/recognition-night\/\"  \n                                                            class=\"bl-enlace-inner\" style=\"background-image:url('https:\/\/www.esmadrid.com\/mcb\/wp-content\/uploads\/2021\/01\/madronos2b.jpg')\">\n                                                        <div class=\"bl-caja-texto animation fadeTop delay-3\">\n                                Recognition Night, la celebraci\u00f3n anual                                 <span class=\"ico-circular   \"><img decoding=\"async\" src=\"https:\/\/www.esmadrid.com\/mcb\/wp-content\/themes\/mcb24\/img\/plus.svg\"><\/span>                            <\/div>\n                                                        <\/a>\n                                                    <\/div>        \n                        \n                                    <\/div>\n                <div class=\"swiper-button-next\"><\/div>\n                <div class=\"swiper-button-prev\"><\/div>\n            <\/div>\n        <\/div> \n    <\/div>  \n<\/section>\n\n<script>\n  jQuery(document).ready(function(){\n    var swiper = new Swiper(\".mySwiperBEI\", {\n      slidesPerView: 1,\n      spaceBetween: 30, \n      navigation: {\n        nextEl: \".swiper-button-next\",\n        prevEl: \".swiper-button-prev\",\n      },\n      breakpoints: {\n        640: {\n          slidesPerView: 1,\n          spaceBetween: 30,\n        },\n        768: {\n          slidesPerView: 2,\n          spaceBetween: 30,\n        },\n        1024: {\n          slidesPerView: 3,\n          spaceBetween: 30,\n        },\n      },\n      on: {\n      slideChange: function(){\n          \/\/\n      }\n    }\n    });\n  });\n<\/script>\n\n\n\n    <section class=\"container bloque-txt-titulo \" >\n    <div class=\"row\"> \n        <div class=\"col-12 col-md-6 col-lg-4  mb-3 md-md-0 animation fadeRight\">\n            <h3 class=\"bl-titulo  \">Noticias relacionadas<\/h3>\n        <\/div>\n        <div class=\"col-12 col-md-6 col-lg-8 bl-texto\">\n             \n            <div class=\"acf-innerblocks-container\">\n\n<p><\/p>\n\n<\/div>\n        <\/div>\n    <\/div>\n<\/section>\n\n\n\n<section class=\"container bloque-personalizado bloque-noticias \" >\n  <div class=\"row\"> \n    \n        <div class=\"col-12 col-md-4 mb-3 md-md-0 \">\n          <a href=\"https:\/\/www.esmadrid.com\/mcb\/novedades\/madrid-convention-bureau-embajadores-congresos\/\" rel=\"bookmark\" title=\"Madrid Convention Bureau rinde homenaje a 17 nuevos embajadores de congresos de la capital\" class=\"\">\n            <div class=\"bl-inner\">              \n              <div class=\"bl-image\"><img loading=\"lazy\" decoding=\"async\" width=\"700\" height=\"350\" src=\"https:\/\/www.esmadrid.com\/mcb\/wp-content\/uploads\/2026\/02\/MCB-RECOGNITION-NIGHT-XVIII-086-700x350.jpg\" class=\"basic-thumb wp-post-image\" alt=\"Madrid Convention Bureau rinde homenaje a 17 nuevos embajadores de congresos de la capital\" \/><\/div>\n                                <div class=\"bl-cat\">Novedades \u00b7 Programa de Embajadores<\/div>\n              <h4 class=\"bl-titulo\">Madrid Convention Bureau rinde homenaje a 17 nuevos embajadores de congresos de la capital<\/h4>\n              <span class=\"bl-fecha\"> <time class=\"updated\" datetime=\"2026-02-6\" pubdate>6\/02\/2026<\/time> <\/span>\n            <\/div>\n          <\/a>\n        <\/div>\n        \n        <div class=\"col-12 col-md-4 mb-3 md-md-0 \">\n          <a href=\"https:\/\/www.esmadrid.com\/mcb\/novedades\/septimo-world-travel-award-mundial-para-madrid\/\" rel=\"bookmark\" title=\"S\u00e9ptimo World Travel Award mundial para Madrid\" class=\"\">\n            <div class=\"bl-inner\">              \n              <div class=\"bl-image\"><img loading=\"lazy\" decoding=\"async\" width=\"700\" height=\"350\" src=\"https:\/\/www.esmadrid.com\/mcb\/wp-content\/uploads\/2025\/12\/PremioWTA9-ok-700x350.jpg\" class=\"basic-thumb wp-post-image\" alt=\"S\u00e9ptimo World Travel Award mundial para Madrid\" \/><\/div>\n                                <div class=\"bl-cat\">Novedades \u00b7 Programa de Embajadores<\/div>\n              <h4 class=\"bl-titulo\">S\u00e9ptimo World Travel Award mundial para Madrid<\/h4>\n              <span class=\"bl-fecha\"> <time class=\"updated\" datetime=\"2025-12-9\" pubdate>9\/12\/2025<\/time> <\/span>\n            <\/div>\n          <\/a>\n        <\/div>\n        \n        <div class=\"col-12 col-md-4 mb-3 md-md-0 \">\n          <a href=\"https:\/\/www.esmadrid.com\/mcb\/novedades\/madrid-premiada-por-octavo-ano-como-mejor-destino-europeo-de-reuniones-y-congresos\/\" rel=\"bookmark\" title=\"Madrid, premiada por octavo a\u00f1o como mejor destino europeo de reuniones y congresos\" class=\"\">\n            <div class=\"bl-inner\">              \n              <div class=\"bl-image\"><img loading=\"lazy\" decoding=\"async\" width=\"700\" height=\"350\" src=\"https:\/\/www.esmadrid.com\/mcb\/wp-content\/uploads\/2025\/11\/IMG-20251028-WA0000-700x350.jpg\" class=\"basic-thumb wp-post-image\" alt=\"Madrid, premiada por octavo a\u00f1o como mejor destino europeo de reuniones y congresos\" \/><\/div>\n                                <div class=\"bl-cat\">Novedades \u00b7 Programa de Embajadores<\/div>\n              <h4 class=\"bl-titulo\">Madrid, premiada por octavo a\u00f1o como mejor destino europeo de reuniones y congresos<\/h4>\n              <span class=\"bl-fecha\"> <time class=\"updated\" datetime=\"2025-11-7\" pubdate>7\/11\/2025<\/time> <\/span>\n            <\/div>\n          <\/a>\n        <\/div>\n            <\/div>\n    <div class=\"text-center mt-3\">\n      <a href=\"https:\/\/www.esmadrid.com\/mcb\/programa-de-embajadores\/\" class=\"btn btn-primary animation opacity delay-2\">Ver todo<\/a>\n    <\/div>\n  <\/section>\n  \n","protected":false},"excerpt":{"rendered":"","protected":false},"author":1,"featured_media":0,"parent":0,"menu_order":0,"comment_status":"closed","ping_status":"closed","template":"page-full.php","meta":{"_acf_changed":false,"footnotes":""},"class_list":["post-4587","page","type-page","status-publish","hentry"],"acf":[],"yoast_head":"<!-- This site is optimized with the Yoast SEO plugin v27.4 - https:\/\/yoast.com\/product\/yoast-seo-wordpress\/ -->\n<title>Programa embajadores - Madrid Convention Bureau<\/title>\n<meta name=\"robots\" content=\"index, follow, max-snippet:-1, max-image-preview:large, max-video-preview:-1\" \/>\n<link rel=\"canonical\" href=\"https:\/\/www.esmadrid.com\/mcb\/embajadores\/\" \/>\n<meta property=\"og:locale\" content=\"es_ES\" \/>\n<meta property=\"og:type\" content=\"article\" \/>\n<meta property=\"og:title\" content=\"Programa embajadores - Madrid Convention Bureau\" \/>\n<meta property=\"og:url\" content=\"https:\/\/www.esmadrid.com\/mcb\/embajadores\/\" \/>\n<meta property=\"og:site_name\" content=\"Madrid Convention Bureau\" \/>\n<meta property=\"article:modified_time\" content=\"2024-06-13T11:39:09+00:00\" \/>\n<meta name=\"twitter:card\" content=\"summary_large_image\" \/>\n<meta name=\"twitter:label1\" content=\"Tiempo de lectura\" \/>\n\t<meta name=\"twitter:data1\" content=\"2 minutos\" \/>\n<script type=\"application\/ld+json\" class=\"yoast-schema-graph\">{\"@context\":\"https:\\\/\\\/schema.org\",\"@graph\":[{\"@type\":\"WebPage\",\"@id\":\"https:\\\/\\\/www.esmadrid.com\\\/mcb\\\/embajadores\\\/\",\"url\":\"https:\\\/\\\/www.esmadrid.com\\\/mcb\\\/embajadores\\\/\",\"name\":\"Programa embajadores - Madrid Convention Bureau\",\"isPartOf\":{\"@id\":\"https:\\\/\\\/www.esmadrid.com\\\/mcb\\\/#website\"},\"datePublished\":\"2021-01-18T10:27:34+00:00\",\"dateModified\":\"2024-06-13T11:39:09+00:00\",\"breadcrumb\":{\"@id\":\"https:\\\/\\\/www.esmadrid.com\\\/mcb\\\/embajadores\\\/#breadcrumb\"},\"inLanguage\":\"es\",\"potentialAction\":[{\"@type\":\"ReadAction\",\"target\":[\"https:\\\/\\\/www.esmadrid.com\\\/mcb\\\/embajadores\\\/\"]}]},{\"@type\":\"BreadcrumbList\",\"@id\":\"https:\\\/\\\/www.esmadrid.com\\\/mcb\\\/embajadores\\\/#breadcrumb\",\"itemListElement\":[{\"@type\":\"ListItem\",\"position\":1,\"name\":\"Portada\",\"item\":\"https:\\\/\\\/www.esmadrid.com\\\/mcb\\\/\"},{\"@type\":\"ListItem\",\"position\":2,\"name\":\"Programa embajadores\"}]},{\"@type\":\"WebSite\",\"@id\":\"https:\\\/\\\/www.esmadrid.com\\\/mcb\\\/#website\",\"url\":\"https:\\\/\\\/www.esmadrid.com\\\/mcb\\\/\",\"name\":\"Madrid Convention Bureau\",\"description\":\"Madrid Convention Bureau cuenta con un Equipo de profesionales que le asesorar\u00e1 sobre los mejores espacios y proveedores de servicios del sector MICE\",\"potentialAction\":[{\"@type\":\"SearchAction\",\"target\":{\"@type\":\"EntryPoint\",\"urlTemplate\":\"https:\\\/\\\/www.esmadrid.com\\\/mcb\\\/?s={search_term_string}\"},\"query-input\":{\"@type\":\"PropertyValueSpecification\",\"valueRequired\":true,\"valueName\":\"search_term_string\"}}],\"inLanguage\":\"es\"}]}<\/script>\n<!-- \/ Yoast SEO plugin. -->","yoast_head_json":{"title":"Programa embajadores - Madrid Convention Bureau","robots":{"index":"index","follow":"follow","max-snippet":"max-snippet:-1","max-image-preview":"max-image-preview:large","max-video-preview":"max-video-preview:-1"},"canonical":"https:\/\/www.esmadrid.com\/mcb\/embajadores\/","og_locale":"es_ES","og_type":"article","og_title":"Programa embajadores - Madrid Convention Bureau","og_url":"https:\/\/www.esmadrid.com\/mcb\/embajadores\/","og_site_name":"Madrid Convention Bureau","article_modified_time":"2024-06-13T11:39:09+00:00","twitter_card":"summary_large_image","twitter_misc":{"Tiempo de lectura":"2 minutos"},"schema":{"@context":"https:\/\/schema.org","@graph":[{"@type":"WebPage","@id":"https:\/\/www.esmadrid.com\/mcb\/embajadores\/","url":"https:\/\/www.esmadrid.com\/mcb\/embajadores\/","name":"Programa embajadores - Madrid Convention Bureau","isPartOf":{"@id":"https:\/\/www.esmadrid.com\/mcb\/#website"},"datePublished":"2021-01-18T10:27:34+00:00","dateModified":"2024-06-13T11:39:09+00:00","breadcrumb":{"@id":"https:\/\/www.esmadrid.com\/mcb\/embajadores\/#breadcrumb"},"inLanguage":"es","potentialAction":[{"@type":"ReadAction","target":["https:\/\/www.esmadrid.com\/mcb\/embajadores\/"]}]},{"@type":"BreadcrumbList","@id":"https:\/\/www.esmadrid.com\/mcb\/embajadores\/#breadcrumb","itemListElement":[{"@type":"ListItem","position":1,"name":"Portada","item":"https:\/\/www.esmadrid.com\/mcb\/"},{"@type":"ListItem","position":2,"name":"Programa embajadores"}]},{"@type":"WebSite","@id":"https:\/\/www.esmadrid.com\/mcb\/#website","url":"https:\/\/www.esmadrid.com\/mcb\/","name":"Madrid Convention Bureau","description":"Madrid Convention Bureau cuenta con un Equipo de profesionales que le asesorar\u00e1 sobre los mejores espacios y proveedores de servicios del sector MICE","potentialAction":[{"@type":"SearchAction","target":{"@type":"EntryPoint","urlTemplate":"https:\/\/www.esmadrid.com\/mcb\/?s={search_term_string}"},"query-input":{"@type":"PropertyValueSpecification","valueRequired":true,"valueName":"search_term_string"}}],"inLanguage":"es"}]}},"_links":{"self":[{"href":"https:\/\/www.esmadrid.com\/mcb\/wp-json\/wp\/v2\/pages\/4587","targetHints":{"allow":["GET"]}}],"collection":[{"href":"https:\/\/www.esmadrid.com\/mcb\/wp-json\/wp\/v2\/pages"}],"about":[{"href":"https:\/\/www.esmadrid.com\/mcb\/wp-json\/wp\/v2\/types\/page"}],"author":[{"embeddable":true,"href":"https:\/\/www.esmadrid.com\/mcb\/wp-json\/wp\/v2\/users\/1"}],"replies":[{"embeddable":true,"href":"https:\/\/www.esmadrid.com\/mcb\/wp-json\/wp\/v2\/comments?post=4587"}],"version-history":[{"count":54,"href":"https:\/\/www.esmadrid.com\/mcb\/wp-json\/wp\/v2\/pages\/4587\/revisions"}],"predecessor-version":[{"id":6649,"href":"https:\/\/www.esmadrid.com\/mcb\/wp-json\/wp\/v2\/pages\/4587\/revisions\/6649"}],"wp:attachment":[{"href":"https:\/\/www.esmadrid.com\/mcb\/wp-json\/wp\/v2\/media?parent=4587"}],"curies":[{"name":"wp","href":"https:\/\/api.w.org\/{rel}","templated":true}]}}